it of 1354?
1
What is the units digit of 9380?
0
What is the tens digit of 524?
2
What is the thousands digit of 143090?
3
What is the units digit of 4032?
2
What is the hundreds digit of 3546?
5
What is the units digit of 11381?
1
What is the hundreds digit of 3611?
6
What is the ten thousands digit of 22267?
2
What is the units digit of 309?
9
What is the hundreds digit of 2202?
2
What is the thousands digit of 19544?
9
What is the units digit of 2274?
4
What is the tens digit of 5182?
8
What is the hundreds digit of 2190?
1
What is the units digit of 385?
5
What is the hundreds digit of 23442?
4
What is the tens digit of 10372?
7
What is the ten thousands digit of 12418?
1
What is the thousands digit of 3603?
3
What is the units digit of 13237?
7
What is the thousands digit of 8332?
8
What is the tens digit of 1235?
3
What is the thousands digit of 128128?
8
What is the hundreds digit of 19944?
9
What is the tens digit of 389?
8
What is the ten thousands digit of 21764?
2
What is the units digit of 60651?
1
What is the hundreds digit of 12507?
5
What is the hundreds digit of 14046?
0
What is the hundreds digit of 1895?
8
What is the units digit of 4709?
9
What is the tens digit of 12510?
1
What is the ten thousands digit of 14044?
1
What is the units digit of 2289?
9
What is the units digit of 30422?
2
What is the tens digit of 3282?
8
What is the tens digit of 876?
7
What is the tens digit of 594?
9
What is the hundreds digit of 50749?
7
What is the units digit of 64289?
9
What is the units digit of 474?
4
What is the units digit of 6?
6
What is the units digit of 1167?
7
What is the hundreds digit of 40477?
4
What is the hundreds digit of 427?
4
What is the hundreds digit of 70183?
1
What is the units digit of 17560?
0
What is the thousands digit of 3921?
3
What is the units digit of 1668?
8
What is the units digit of 1255?
5
What is the thousands digit of 2162?
2
What is the units digit of 56088?
8
What is the units digit of 782?
2
What is the tens digit of 1890?
9
What is the tens digit of 904?
0
What is the hundreds digit of 1254?
2
What is the units digit of 22936?
6
What is the tens digit of 3887?
8
What is the units digit of 1897?
7
What is the units digit of 3570?
0
What is the units digit of 1357?
7
What is the hundreds digit of 2866?
8
What is the tens digit of 1968?
6
What is the tens digit of 4873?
7
What is the tens digit of 1638?
3
What is the tens digit of 1489?
8
What is the thousands digit of 18929?
8
What is the units digit of 2221?
1
What is the hundreds digit of 45921?
9
What is the hundreds digit of 18878?
8
What is the thousands digit of 58413?
8
What is the units digit of 2806?
6
What is the tens digit of 34924?
2
What is the units digit of 9214?
4
What is the tens digit of 348?
4
What is the tens digit of 1648?
4
What is the hundreds digit of 64892?
8
What is the hundreds digit of 3325?
3
What is the units digit of 869?
9
What is the tens digit of 524?
2
What is the thousands digit of 4517?
4
What is the thousands digit of 110747?
0
What is the thousands digit of 74073?
4
What is the hundreds digit of 29436?
4
What is the tens digit of 17?
1
What is the units digit of 1581?
1
What is the hundreds digit of 6284?
2
What is the units digit of 777?
7
What is the tens digit of 1326?
2
What is the hundreds digit of 905?
9
What is the hundreds digit of 1382?
3
What is the hundreds digit of 37273?
2
What is the tens digit of 1169?
6
What is the thousands digit of 96970?
6
What is the hundreds digit of 1936?
9
What is the units digit of 723?
3
What is the tens digit of 2162?
6
What is the tens digit of 3467?
6
What is the units digit of 3056?
6
What is the tens digit of 15785?
8
What is the tens digit of 199?
9
What is the tens digit of 2168?
6
What is the thousands digit of 7784?
7
What is the ten thousands digit of 89811?
8
What is the tens digit of 3512?
1
What is the tens digit of 4811?
1
What is the tens digit of 2901?
0
What is the tens digit of 4221?
2
What is the hundreds digit of 65740?
7
What is the units digit of 340?
0
What is the tens digit of 25825?
2
What is the hundreds digit of 22478?
4
What is the thousands digit of 1970?
1
What is the ten thousands digit of 19332?
1
What is the units digit of 142?
2
What is the hundreds digit of 561?
5
What is the tens digit of 67834?
3
What is the units digit of 1799?
9
What is the hundreds digit of 3667?
6
What is the tens digit of 43405?
0
What is the units digit of 30?
0
What is the tens digit of 31289?
8
What is the units digit of 204?
4
What is the units digit of 17349?
9
What is the thousands digit of 48174?
8
What is the thousands digit of 50944?
0
What is the hundreds digit of 3096?
0
What is the hundreds digit of 514?
5
What is the units digit of 7532?
2
What is the tens digit of 9021?
2
What is the hundreds digit of 27893?
8
What is the units digit of 645?
5
What is the thousands digit of 23613?
3
What is the tens digit of 12484?
8
What is the hundreds digit of 22097?
0
What is the tens digit of 111662?
6
What is the units digit of 1145?
5
What is the tens digit of 7735?
3
What is the ten thousands digit of 15130?
1
What is the hundreds digit of 569?
5
What is the units digit of 115?
5
What is the tens digit of 456?
5
What is the units digit of 7322?
2
What is the thousands digit of 7293?
7
What is the units digit of 584?
4
What is the tens digit of 65624?
2
What is the tens digit of 10872?
7
What is the hundreds digit of 2723?
7
What is the thousands digit of 7468?
7
What is the tens digit of 2240?
4
What is the units digit of 1201?
1
What is the tens digit of 92?
9
What is the units digit of 56573?
3
What is the ten thousands digit of 28852?
2
What is the thousands digit of 14337?
4
What is the tens digit of 735?
3
What is the tens digit of 7237?
3
What is the hundreds digit of 5801?
8
What is the units digit of 1090?
0
What is the tens digit of 1221?
2
What is the tens digit of 17363?
6
What is the thousands digit of 2559?
2
What is the thousands digit of 28553?
8
What is the tens digit of 4717?
1
What is the thousands digit of 41981?
1
What is the tens digit of 11401?
0
What is the hundreds digit of 1200?
2
What is the hundreds digit of 8823?
8
What is the hundreds digit of 141?
1
What is the thousands digit of 3713?
3
What is the thousands digit of 71987?
1
What is the hundreds digit of 2595?
5
What is the thousands digit of 50964?
0
What is the thousands digit of 37536?
7
What is the units digit of 9149?
9
What is the thousands digit of 8462?
8
What is the thousands digit of 48071?
8
What is the tens digit of 1565?
6
What is the tens digit of 10364?
6
What is the hundreds digit of 1110?
1
What is the units digit of 250?
0
What is the hundreds digit of 984?
9
What is the ten thousands digit of 11227?
1
What is the hundreds digit of 733?
7
What is the hundreds digit of 2032?
0
What is the thousands digit of 71275?
1
What is the hundreds digit of 52198?
1
What is the ten thousands digit of 39328?
3
What is the units digit of 1094?
4
What is the hundreds digit of 380?
3
What is the hundreds digit of 784?
7
What is the thousands digit of 14418?
4
What is the units digit of 17444?
4
What is the hundreds digit of 994?
9
What is the units digit of 76?
6
What is the thousands digit of 155722?
5
What is the tens digit of 232?
3
What is the units digit of 5806?
6
What is the tens digit of 4066?
6
What is the tens digit of 1737?
3
What is the tens digit of 323?
2
What is the hundreds digit of 2571?
5
What is the units digit of 39638?
8
What is the hundreds digit of 2362?
3
What is the thousands digit of 29146?
9
What is the thousands digit of 3354?
3
What is the tens digit of 8738?
3
What is the tens digit of 1473?
7
What is the hundreds digit of 25879?
8
What is the hundreds digit of 23325?
3
What is the units digit of 16243?
3
What is the units digit of 10805?
5
What is the thousands digit of 4899?
4
What is the thousands digit of 39921?
9
What is the units digit of 1687?
7
What is the units digit of 1327?
7
What is the units digit of 9105?
5
What is the tens digit of 1538?
3
What is the tens digit of 3445?
4
What is the units digit of 112?
2
What is the hundreds digit of 5459?
4
What is the tens digit of 65328?
2
What is the units digit of 2288?
8
What is the 